{"id":227,"date":"2021-03-27T12:53:07","date_gmt":"2021-03-27T12:53:07","guid":{"rendered":"https:\/\/ontg.de\/?page_id=227"},"modified":"2021-03-27T13:13:38","modified_gmt":"2021-03-27T13:13:38","slug":"marketing","status":"publish","type":"page","link":"https:\/\/ontg.de\/?page_id=227","title":{"rendered":"Marketing"},"content":{"rendered":"\t\t<div data-elementor-type=\"wp-page\" data-elementor-id=\"227\" class=\"elementor elementor-227\">\n\t\t\t\t\t\t<section class=\"elementor-section elementor-top-section elementor-element elementor-element-3be16f8c elementor-section-boxed elementor-section-height-default elementor-section-height-default elementor-invisible\" data-id=\"3be16f8c\" data-element_type=\"section\" data-e-type=\"section\" data-settings=\"{&quot;background_background&quot;:&quot;classic&quot;,&quot;shape_divider_bottom&quot;:&quot;arrow&quot;,&quot;animation&quot;:&quot;fadeInUp&quot;}\">\n\t\t\t\t\t<div class=\"elementor-shape elementor-shape-bottom\" aria-hidden=\"true\" data-negative=\"false\">\n\t\t\t<svg xmlns=\"http:\/\/www.w3.org\/2000\/svg\" viewBox=\"0 0 700 10\" preserveAspectRatio=\"none\">\n\t<path class=\"elementor-shape-fill\" d=\"M350,10L340,0h20L350,10z\"\/>\n<\/svg>\t\t<\/div>\n\t\t\t\t\t<div class=\"elementor-container elementor-column-gap-default\">\n\t\t\t\t\t<div class=\"elementor-column elementor-col-100 elementor-top-column elementor-element elementor-element-3d0f6301\" data-id=\"3d0f6301\" data-element_type=\"column\" data-e-type=\"column\">\n\t\t\t<div class=\"elementor-widget-wrap elementor-element-populated\">\n\t\t\t\t\t\t<div class=\"elementor-element elementor-element-28a01c85 elementor-widget elementor-widget-heading\" data-id=\"28a01c85\" data-element_type=\"widget\" data-e-type=\"widget\" data-widget_type=\"heading.default\">\n\t\t\t\t<div class=\"elementor-widget-container\">\n\t\t\t\t\t<h2 class=\"elementor-heading-title elementor-size-default\">Marketing<\/h2>\t\t\t\t<\/div>\n\t\t\t\t<\/div>\n\t\t\t\t<div class=\"elementor-element elementor-element-66b19ad7 elementor-widget elementor-widget-heading\" data-id=\"66b19ad7\" data-element_type=\"widget\" data-e-type=\"widget\" data-widget_type=\"heading.default\">\n\t\t\t\t<div class=\"elementor-widget-container\">\n\t\t\t\t\t<p class=\"elementor-heading-title elementor-size-default\">Die Au\u00dfendarstellung ist in der heutigen Zeit eines der Wichtigsten S\u00e4ulen um Patienten zu werben. Das Internet und die Social Media Kan\u00e4le bieten hier moderne und effektive Gelegenheiten um sich potenziellen Patienten zu pr\u00e4sentieren. Eine ansprechende Webseite ist das erste Aush\u00e4ngeschild jeder Praxis. Aber auch eine gezielte Werbung kann Sinn ergeben, wenn man die richtige Zielgruppe und die richtige Region anspricht. Marketing ist nicht schwer, wenn man Experten an der Seite hat. Wir sind f\u00fcr Sie da!<\/p>\t\t\t\t<\/div>\n\t\t\t\t<\/div>\n\t\t\t\t\t<\/div>\n\t\t<\/div>\n\t\t\t\t\t<\/div>\n\t\t<\/section>\n\t\t\t\t<\/div>\n\t\t","protected":false},"excerpt":{"rendered":"<p>Marketing Die Au\u00dfendarstellung ist in der heutigen Zeit eines der Wichtigsten S\u00e4ulen um Patienten zu werben. Das Internet und die Social Media Kan\u00e4le bieten hier moderne und effektive Gelegenheiten um sich potenziellen Patienten zu pr\u00e4sentieren. Eine ansprechende Webseite ist das erste Aush\u00e4ngeschild jeder Praxis. Aber auch eine gezielte Werbung kann Sinn ergeben, wenn man die [&hellip;]<\/p>\n","protected":false},"author":1,"featured_media":0,"parent":0,"menu_order":0,"comment_status":"closed","ping_status":"closed","template":"elementor_canvas","meta":{"inline_featured_image":false,"footnotes":""},"class_list":["post-227","page","type-page","status-publish","hentry"],"_links":{"self":[{"href":"https:\/\/ontg.de\/index.php?rest_route=\/wp\/v2\/pages\/227","targetHints":{"allow":["GET"]}}],"collection":[{"href":"https:\/\/ontg.de\/index.php?rest_route=\/wp\/v2\/pages"}],"about":[{"href":"https:\/\/ontg.de\/index.php?rest_route=\/wp\/v2\/types\/page"}],"author":[{"embeddable":true,"href":"https:\/\/ontg.de\/index.php?rest_route=\/wp\/v2\/users\/1"}],"replies":[{"embeddable":true,"href":"https:\/\/ontg.de\/index.php?rest_route=%2Fwp%2Fv2%2Fcomments&post=227"}],"version-history":[{"count":4,"href":"https:\/\/ontg.de\/index.php?rest_route=\/wp\/v2\/pages\/227\/revisions"}],"predecessor-version":[{"id":292,"href":"https:\/\/ontg.de\/index.php?rest_route=\/wp\/v2\/pages\/227\/revisions\/292"}],"wp:attachment":[{"href":"https:\/\/ontg.de\/index.php?rest_route=%2Fwp%2Fv2%2Fmedia&parent=227"}],"curies":[{"name":"wp","href":"https:\/\/api.w.org\/{rel}","templated":true}]}}